t are the prime factors of 1656?
2, 3, 23
List the prime factors of 31131.
3, 1153
What are the prime factors of 541?
541
List the prime factors of 816.
2, 3, 17
What are the prime factors of 1127?
7, 23
What are the prime factors of 61499?
89, 691
List the prime factors of 37892.
2, 9473
List the prime factors of 1694.
2, 7, 11
What are the prime factors of 26806?
2, 13, 1031
What are the prime factors of 1405?
5, 281
List the prime factors of 7149.
3, 2383
What are the prime factors of 1257?
3, 419
What are the prime factors of 3023?
3023
List the prime factors of 6377.
7, 911
List the prime factors of 36810.
2, 3, 5, 409
What are the prime factors of 110?
2, 5, 11
List the prime factors of 129670.
2, 5, 12967
List the prime factors of 2122.
2, 1061
What are the prime factors of 978?
2, 3, 163
What are the prime factors of 127911?
3, 7, 6091
What are the prime factors of 4727?
29, 163
List the prime factors of 61051.
61051
List the prime factors of 854.
2, 7, 61
List the prime factors of 11062.
2, 5531
List the prime factors of 9194.
2, 4597
List the prime factors of 23101.
13, 1777
What are the prime factors of 664?
2, 83
List the prime factors of 668.
2, 167
List the prime factors of 76814.
2, 193, 199
List the prime factors of 69524.
2, 7, 13, 191
List the prime factors of 76.
2, 19
What are the prime factors of 829?
829
List the prime factors of 969.
3, 17, 19
List the prime factors of 1872.
2, 3, 13
What are the prime factors of 2504?
2, 313
List the prime factors of 25380.
2, 3, 5, 47
What are the prime factors of 23665?
5, 4733
List the prime factors of 3253.
3253
List the prime factors of 5018.
2, 13, 193
List the prime factors of 905.
5, 181
What are the prime factors of 31885?
5, 7, 911
List the prime factors of 2903.
2903
List the prime factors of 152327.
7, 47, 463
List the prime factors of 28935.
3, 5, 643
List the prime factors of 164.
2, 41
What are the prime factors of 6418?
2, 3209
List the prime factors of 159173.
7, 22739
List the prime factors of 22869.
3, 7, 11
What are the prime factors of 9528?
2, 3, 397
List the prime factors of 631.
631
What are the prime factors of 2402?
2, 1201
What are the prime factors of 11873?
31, 383
What are the prime factors of 270?
2, 3, 5
List the prime factors of 18746.
2, 7, 13, 103
List the prime factors of 3130.
2, 5, 313
List the prime factors of 35756.
2, 7, 1277
What are the prime factors of 152857?
152857
List the prime factors of 198.
2, 3, 11
List the prime factors of 53735.
5, 11, 977
What are the prime factors of 34295?
5, 19
List the prime factors of 1498.
2, 7, 107
List the prime factors of 733.
733
List the prime factors of 399.
3, 7, 19
List the prime factors of 71051.
227, 313
List the prime factors of 1216.
2, 19
What are the prime factors of 2676?
2, 3, 223
List the prime factors of 548.
2, 137
List the prime factors of 520.
2, 5, 13
List the prime factors of 3386.
2, 1693
What are the prime factors of 805?
5, 7, 23
What are the prime factors of 38341?
23, 1667
List the prime factors of 1792.
2, 7
What are the prime factors of 6416?
2, 401
List the prime factors of 8265.
3, 5, 19, 29
What are the prime factors of 20009?
11, 17, 107
What are the prime factors of 12775?
5, 7, 73
What are the prime factors of 2026?
2, 1013
List the prime factors of 1809.
3, 67
List the prime factors of 1284.
2, 3, 107
What are the prime factors of 65?
5, 13
List the prime factors of 100.
2, 5
List the prime factors of 2599.
23, 113
List the prime factors of 7.
7
List the prime factors of 350.
2, 5, 7
List the prime factors of 2637.
3, 293
List the prime factors of 4854.
2, 3, 809
List the prime factors of 3918.
2, 3, 653
List the prime factors of 74323.
74323
What are the prime factors of 1164?
2, 3, 97
What are the prime factors of 875?
5, 7
List the prime factors of 823.
823
List the prime factors of 700.
2, 5, 7
List the prime factors of 80623.
37, 2179
What are the prime factors of 9019?
29, 311
List the prime factors of 4159.
4159
List the prime factors of 1486.
2, 743
List the prime factors of 1537.
29, 53
List the prime factors of 20380.
2, 5, 1019
What are the prime factors of 52304?
2, 7, 467
List the prime factors of 4842.
2, 3, 269
List the prime factors of 15507.
3, 1723
List the prime factors of 5219.
17, 307
List the prime factors of 946.
2, 11, 43
What are the prime factors of 1250?
2, 5
List the prime factors of 5867.
5867
List the prime factors of 1158.
2, 3, 193
What are the prime factors of 41021?
17, 19, 127
List the prime factors of 1567.
1567
What are the prime factors of 1866?
2, 3, 311
List the prime factors of 9914.
2, 4957
What are the prime factors of 32580?
2, 3, 5, 181
What are the prime factors of 1271?
31, 41
List the prime factors of 2209.
47
What are the prime factors of 17749?
17749
What are the prime factors of 15?
3, 5
What are the prime factors of 6980?
2, 5, 349
List the prime factors of 11792.
2, 11, 67
What are the prime factors of 2226?
2, 3, 7, 53
What are the prime factors of 106366?
2, 13, 4091
List the prime factors of 23622.
2, 3, 31, 127
List the prime factors of 106891.
139, 769
List the prime factors of 1185.
3, 5, 79
List the prime factors of 753.
3, 251
What are the prime factors of 14724?
2, 3, 409
What are the prime factors of 1674?
2, 3, 31
List the prime factors of 16319.
16319
List the prime factors of 15078.
2, 3, 7, 359
List the prime factors of 24904.
2, 11, 283
List the prime factors of 8327.
11, 757
What are the prime factors of 4082?
2, 13, 157
List the prime factors of 440.
2, 5, 11
List the prime factors of 5430.
2, 3, 5, 181
What are the prime factors of 25745?
5, 19, 271
List the prime factors of 27856.
2, 1741
List the prime factors of 1831.
1831
What are the prime factors of 8618?
2, 31, 139
What are the prime factors of 45103?
23, 37, 53
What are the prime factors of 3304?
2, 7, 59
List the prime factors of 11126.
2, 5563
List the prime factors of 1569.
3, 523
What are the prime factors of 110131?
7, 15733
List the prime factors of 17136.
2, 3, 7, 17
List the prime factors of 14769.
3, 547
What are the prime factors of 792?
2, 3, 11
List the prime factors of 101.
101
What are the prime factors of 12314?
2, 47, 131
List the prime factors of 90.
2, 3, 5
List the prime factors of 9486.
2, 3, 17, 31
What are the prime factors of 16117?
71, 227
What are the prime factors of 1343?
17, 79
List the prime factors of 224.
2, 7
What are the prime factors of 44696?
2, 37, 151
List the prime factors of 39466.
2, 7, 2819
What are the prime factors of 162?
2, 3
What are the prime factors of 8992?
2, 281
What are the prime factors of 27217?
17, 1601
What are the prime factors of 1155?
3, 5, 7, 11
List the prime factors of 278.
2, 139
What are the prime factors of 1446?
2, 3, 241
List the prime factors of 35633.
13, 2741
List the prime factors of 1067.
11, 97
What are the prime factors of 38890?
2, 5, 3889
List the prime factors of 5195.
5, 1039
List the prime factors of 3258.
2, 3, 181
List the prime factors of 1265.
5, 11, 23
What are the prime factors of 40075?
5, 7, 229
What are the prime factors of 1126?
2, 563
List the prime factors of 838.
2, 419
What are the prime factors of 8973?
3, 997
What are the prime factors of 133807?
17, 463
List the prime factors of 33446.
2, 7, 2389
What are the prime factors of 1285?
5, 257
What are the prime factors of 3733?
3733
List the prime factors of 179.
179
What are the prime factors of 1055?
5, 211
List the prime factors of 6437.
41, 157
What are the prime factors of 133?
7, 19
What are the prime factors of 49437?
3, 1831
What are the prime factors of 17765?
5, 11, 17, 19
List the prime factors of 3239.
41, 79
List the prime factors of 124245.
3, 5, 11, 251
What are the prime factors of 549?
3, 61
What are the prime factors of 1534?
2, 13, 59
List the prime factors of 3697.
3697
List the prime factors of 25482.
2, 3, 31, 137
What are the prime factors of 283?
283
List the prime factors of 1886.
2, 23, 41
What are the prime factors of 26243?
7, 23, 163
What are the prime factors of 1773?
3, 197
List the prime factors of 12692.
2, 19, 167
List the prime factors of 11322.
2, 3, 17, 37
List the prime factors of 4758.
2, 3, 13, 61
What are the prime factors of 55655?
5, 11131
What are the prime 